d(-1)?
2
Let q(o) = 673*o + 59231. What is q(-88)?
7
Let u(o) = -4*o**3 - 2*o**2 - 4*o + 11. What is u(-5)?
481
Let y(n) = 17*n**2 + n + 9. What is y(3)?
165
Let o(h) = h**3 - 7*h**2 + 104*h - 569. Determine o(6).
19
Let p(f) = 212*f + 6576. What is p(-31)?
4
Let k(b) = -b**3 - 178*b**2 - 156*b + 3710. Calculate k(-177).
-7
Let a(u) = u**3 + 22*u**2 + u + 21. What is a(-22)?
-1
Let z(p) = -p**3 + 20*p**2 - 14*p + 57. Give z(20).
-223
Let i(o) = -o**2 - o + 155. Calculate i(-12).
23
Let r(a) = 625*a - 4982. Calculate r(8).
18
Let p(j) = 143*j - 1740. Calculate p(12).
-24
Let t(c) = -c**2 - 44*c + 330. What is t(7)?
-27
Let m(y) = -y**2 + 10*y - 71. What is m(17)?
-190
Let z(k) = 4*k**2 - 98*k - 27. Calculate z(23).
-165
Let r(n) = n**3 + 33*n**2 - 73*n - 75. What is r(-35)?
30
Let k(z) = -11*z + 454. Determine k(35).
69
Let d(w) = w**2 + 50*w - 1781. Determine d(-74).
-5
Let j(w) = w**3 + 9*w**2 - 18*w. What is j(-7)?
224
Let a(m) = -m**3 + 8*m**2 + 7*m - 19. Determine a(10).
-149
Let g(v) = 2444*v - 34. Determine g(0).
-34
Let z(h) = -h**2 + 41*h + 1178. Determine z(61).
-42
Let r(a) = -468*a - 3280. Determine r(-7).
-4
Let s(y) = 2*y**2 - 1242*y + 6174. Give s(5).
14
Let k(v) = -2*v**2 + 7*v + 63. Calculate k(-9).
-162
Let f(k) = -3*k - 75. Calculate f(-5).
-60
Let y(a) = a**2 - 1904*a + 105283. What is y(57)?
4
Let l(z) = 3*z**3 - z**2 - 4*z + 3. What is l(4)?
163
Let z(a) = 11*a**2 + 524*a + 821. Calculate z(-46).
-7
Let w(c) = c**3 + 6*c**2 - 10*c + 8. Calculate w(-6).
68
Let u(t) = -140*t**3 + 3*t**2 - 2*t + 1. Calculate u(1).
-138
Let w(f) = -f**2 + 926*f + 13146. What is w(-14)?
-14
Let r(p) = -p**3 - 56*p**2 - 103*p + 178. Calculate r(-54).
-92
Let n(m) = -19*m + 2885. Calculate n(151).
16
Let q(a) = a**2 - 119*a + 2728. Determine q(31).
0
Let x(b) = 61*b**3 + 5*b**2 + 7*b + 2. Give x(-1).
-61
Let p(m) = 6737*m + 20232. Give p(-3).
21
Let o(b) = -b**2 - 6*b + 181. Give o(-14).
69
Let q(i) = 247*i**2 + 2703*i - 104. Give q(-11).
50
Let z(v) = 38*v - 221. Calculate z(6).
7
Let y(u) = 70*u + 60. Give y(-3).
-150
Let q(j) = 41*j + 3407. Give q(-83).
4
Let m(k) = k**3 - 23*k**2 - 38*k + 368. Determine m(24).
32
Let g(h) = -h**2 - 9388*h - 56283. Give g(-6).
9
Let s(f) = -f**2 - 13*f + 61. What is s(4)?
-7
Let r(x) = -4*x**2 + 130*x - 32. What is r(32)?
32
Let b(v) = v**2 + 27*v + 185. Determine b(-10).
15
Let t(o) = -10828*o - 184066. Give t(-17).
10
Let f(z) = -z**2 - 63*z - 398. Calculate f(-7).
-6
Let q(c) = 84*c - 1738. Calculate q(20).
-58
Let m(x) = 56*x + 5465. Give m(-100).
-135
Let o(r) = 270*r**2 + 2435*r + 50. Give o(-9).
5
Let v(f) = -159*f - 1586. Give v(-10).
4
Let u(s) = 84*s + 1688. Give u(-20).
8
Let w(i) = 2*i**2 + 128*i - 266. Calculate w(-66).
-2
Let l(k) = 113*k - 5407. What is l(48)?
17
Let n(y) = 25*y**3 + 4*y**2 - 3. Give n(1).
26
Let b(k) = -115*k + 1227. Determine b(11).
-38
Let w(s) = 140*s**2 - 597*s + 150. Give w(4).
2
Let b(t) = 3*t**3 - 3*t**2 + 4*t - 2. Give b(1).
2
Let p(x) = -122*x - 1233. Calculate p(-11).
109
Let m(x) = x**2 + 99*x - 1323. Give m(-111).
9
Let x(z) = 105*z**2 + 16*z - 4. Determine x(-2).
384
Let x(t) = 3*t**3 - 6*t**2 - 39*t + 25. Determine x(-3).
7
Let r(x) = -x**2 + 38*x + 1025. Determine r(-18).
17
Let a(m) = m**2 - 29*m + 33. Determine a(25).
-67
Let a(x) = 16*x - 244. What is a(18)?
44
Let f(i) = 4*i**2 + 25*i - 79. What is f(3)?
32
Let w(g) = 7*g**2 + 102*g + 392. Calculate w(-7).
21
Let r(b) = -123*b - 45. Determine r(-3).
324
Let c(h) = 7*h**2 - 498*h + 245. Determine c(71).
174
Let o(l) = -33*l - 178. Give o(-3).
-79
Let i(p) = p**2 - 278*p + 5509. Determine i(22).
-123
Let z(h) = 157*h + 665. What is z(-4)?
37
Let i(t) = 15*t - 156. Give i(6).
-66
Let s(k) = -27*k - 987. Determine s(-36).
-15
Let y(w) = 28*w - 602. Give y(-8).
-826
Let l(u) = 3*u**2 + 125*u + 761. Give l(-7).
33
Let k(s) = 23*s**3 - 22*s**2 - 32*s - 9. Determine k(-1).
-22
Let q(z) = -29*z - 2205. What is q(-77)?
28
Let h(a) = 37*a - 845. Determine h(23).
6
Let i(x) = -4*x + 4. Calculate i(10).
-36
Let i(k) = 114*k**2 - 1601*k + 67. Determine i(14).
-3
Let q(u) = -218*u**2 + 2*u. Determine q(-1).
-220
Let m(c) = 366*c + 7681. What is m(-21)?
-5
Let o(w) = -3*w**3 - 4*w**2 + 43*w - 16. Determine o(5).
-276
Let w(k) = -4*k**3 - 18*k**2 + 22*k + 61. Calculate w(-6).
145
Let r(x) = 212*x - 1106. Give r(6).
166
Let o(a) = a**2 + 512*a + 61571. Calculate o(-319).
4
Let a(z) = -6*z**2 + 75*z - 480. Determine a(7).
-249
Let b(h) = -2*h**3 - 69*h**2 - 243*h - 701. Determine b(-31).
105
Let i(b) = 983*b**2 + 6*b + 7. What is i(-1)?
984
Let y(s) = s**2 - 70*s + 793. Give y(56).
9
Let i(y) = -y**2 - 57*y - 484. Determine i(-11).
22
Let n(i) = 34*i - 78. Determine n(4).
58
Let v(i) = 132*i + 4590. Determine v(-34).
102
Let t(s) = s**3 - 24*s**2 + 25*s - 15. Determine t(23).
31
Let x(z) = -2*z**3 + 19*z**2 + 26*z - 372. Give x(10).
-212
Let b(z) = -2*z**3 - 106*z**2 + 456*z + 82. Calculate b(-57).
82
Let w(b) = -69*b**2 - 15*b - 11. Calculate w(-1).
-65
Let b(n) = 6*n**2 + 10*n - 203. Give b(-7).
21
Let c(a) = -433*a + 873. Calculate c(2).
7
Let r(i) = -7*i - 309. Give r(-46).
13
Let k(x) = -x**2 - 22*x + 19. Determine k(-12).
139
Let c(k) = 3*k**3 + 16*k**2 + 16*k + 31. Calculate c(-2).
39
Let l(t) = t**3 + 15*t**2 + 21*t + 586. Give l(-16).
-6
Let p(w) = -4*w**2 + 76*w + 39. Give p(15).
279
Let f(k) = 5*k**2 + 158*k - 57. Calculate f(-32).
7
Let l(g) = -7*g**2 + 4*g - 7. What is l(0)?
-7
Let h(l) = l**2 - 59*l - 1212. What is h(-14)?
-190
Let n(g) = -g**2 - 79*g - 473. Give n(-6).
-35
Let z(w) = 343*w + 2387. Give z(-7).
-14
Let f(d) = d**3 - 176*d**2 + 30*d - 5382. Give f(176).
-102
Let o(t) = 28*t**3 + 2*t**2 + t - 1. Give o(1).
30
Let f(h) = 215*h**3 + 15*h**2 + 16*h + 1. Give f(-1).
-215
Let s(r) = -97*r**2 - 80*r + 76. Give s(1).
-101
Let r(y) = 275*y + 120. Give r(-1).
-155
Let v(o) = o**3 + 5*o**2 - 219*o + 197. Give v(12).
17
Let o(i) = -i**3 + 9*i**2 - 6*i + 19. Calculate o(4).
75
Let m(s) = 7*s**2 - 1101*s - 783. What is m(158)?
7
Let w(m) = -185*m - 43469. Calculate w(-235).
6
Let y(i) = -484*i + 82770. Determine y(171).
6
Let p(a) = 43*a**2 + 2496*a + 77. What is p(-58)?
-39
Let k(w) = 2*w**3 - 11*w**2 - 73*w + 21. Determine k(9).
-69
Let j(a) = -134*a + 945. Calculate j(7).
7
Let u(c) = 2*c**2 - 18*c + 171. Determine u(9).
171
Let g(n) = -n**3 + 2*n**2 + 46*n - 30. Determine g(-5).
-85
Let s(t) = -70*t + 1810. Calculate s(47).
-1480
Let l(w) = 3547*w + 7100. Calculate l(-2).
6
Let v(p) = 8*p - 882. Give v(21).
-714
Let p(f) = -7*f**2 - 75*f + 17. Give p(-11).
-5
Let l(u) = -2*u - 56. Give l(26).
-108
Let v(m) = -m**2 + 8*m + 2. Calculate v(-9).
-151
Let z(t) = -5*t**2 - 42*t + 146. Give z(-11).
3
Let f(z) = 395*z + 1196. What is f(-3)?
11
Let i(k) = -9*k**2 - 98*k - 270. Give i(-9).
-117
Let a(s) = 14*s**3 + 2*s**2 - 7*s + 1. Calculate a(2).
107
Let d(o) = -55*o + 685. What is d(12)?
25
Let l(i) = -i**3 - 74*i**2 - 22*i - 1586. What is l(-74)?
42
Let z(b) = 336*b - 18110. Give z(54).
34
Let r(i) = 15967*i + 223550. What is r(-14)?
12
Let y(h) = h**3 - 119*h**2 + 461*h - 88. Calculate y(115).
27
Let t(q) = -q**3 - 47*q**2 - 492*q + 136. Calculate t(-31).
12
Let z(o) = 4466*o + 35714. Determine z(-8).
-14
Let l(y) = 50*y**2 + 107*y + 8. Determine l(-2).
-6
Let h(k) = -1168*k - 3495. Calculate h(-3).
9
Let t(p) = -p**3 + 20*p**2 - 17*p + 23. What is t(20)?
-317
Let v(g) = 20*g**2 - 34*g + 102. Determine v(7).
844
Let n(y) = -y**3 + 42*y**2 + 3*y - 29. Give n(0).
-29
Let h(r) = -6*r + 69. Give h(100).
-531
Let g(c) = c**3 + c**2 + 23*c - 16. Give g(0).
-16
Let m(f) = f**3 - 6*f**2 + f + 49. Give m(8).
185
Let z(s) = -12*s - 1008. Give z(-83).
-12
Let y(c) = c**2 + 19*c + 9. What is y(1)?
29
Let v(w) = 351*w - 7377. Calculate v(21).
-6
Let c(o) = -16*o - 576. Determine c(-35).
-16
Let i(o) = 846*o + 11838. What is i(-14)?
-6
Let l(w) = 3*w**2 - 24*w - 47. Calculate l(8).
-47
Let h(p) = -205*p + 212. Give h(1).
7
Let d(y) = 2*y**3 + 3*y**2 - 121*y + 239. Give d(2).
25
Let b(p) = p**3 + 8*p**2 + 12*p + 24. What is b(-5)?
39
Let l(v) = -v**3 - 3*v**2 - 26*v - 229. Give l(-6).
35
Let y(w) = -w**2 - 110*w - 715. Determine y(-103).
6
Let g(q) = -q**3 + 10*q**2 + q - 14. What is g(9)?
76
Let w(c) = -4*c**3 + 147*c**2 +